{"id":19,"date":"2025-01-26T20:29:06","date_gmt":"2025-01-26T20:29:06","guid":{"rendered":"https:\/\/teatergruppen.dk\/?page_id=19"},"modified":"2025-12-02T21:15:17","modified_gmt":"2025-12-02T21:15:17","slug":"om-teatergruppen-syvstjernen","status":"publish","type":"page","link":"https:\/\/teatergruppen.dk\/index.php\/om-teatergruppen-syvstjernen\/","title":{"rendered":"Om Teatergruppen Syvstjernen"},"content":{"rendered":"\t\t<div data-elementor-type=\"wp-page\" data-elementor-id=\"19\" class=\"elementor elementor-19\">\n\t\t\t\t<div class=\"elementor-element elementor-element-822d9b0 e-grid e-con-boxed rael-particle-no e-con e-parent\" data-id=\"822d9b0\" data-element_type=\"container\" data-e-type=\"container\" data-settings=\"{&quot;rae_animations_entrance&quot;:&quot;none&quot;}\">\n\t\t\t\t\t<div class=\"e-con-inner\">\n\t\t\t\t<div class=\"elementor-element elementor-element-22830a8 elementor-widget elementor-widget-text-editor\" data-id=\"22830a8\" data-element_type=\"widget\" data-e-type=\"widget\" data-widget_type=\"text-editor.default\">\n\t\t\t\t<div class=\"elementor-widget-container\">\n\t\t\t\t\t\t\t\t\t<p>Teatergruppen Syvstjernen producerer hvert \u00e5r en teaterforestilling udf\u00f8rt af elever og for\u00e6ldre prim\u00e6rt fra skoler i fures\u00f8 kommune.<\/p>\n<p>Alle, som har lyst til teater p\u00e5 eller bag scenen, er velkomne.<\/p>\n<p>Forfattergruppen skriver hvert \u00e5r et nyt skuespil i perioden fra august til december. Lige efter nyt\u00e5r starter resten af medlemmerne med at \u00f8ve stykket og lave kulisser til forestillingen.<\/p>\n<p>Forestillingen spilles p\u00e5 Syvsterneskolen i V\u00e6rl\u00f8se, hvor vi ogs\u00e5 \u00f8ver hver onsdag aften. Der er er med mellemrum \u00f8veweekender, hvor hver enkelt scene kommer og spiller p\u00e5 den store scene i et par timer.<\/p>\n<p>Pris for tilmelding til en s\u00e6son:<\/p>\n<p>Familie: 400&nbsp;&nbsp;Enkel: 250<\/p>\n<p>Indbetaling p\u00e5 MobilePay: 79025&nbsp; Bank: 2252-0745904688<\/p>\n<p>Alle deltagere skal have en konto og udfylde informationer om \u00f8nsker og andre informationer. Dette g\u00f8res under menu punktet Medlem. Der kan g\u00e5 lidt tid fra tilmelding og indbetaling til man f\u00e5r adgang til de interne sider, da adgangen tildeles manuelt af bestyrelsen.<\/p>\n<p>Foreningen kan kontaktes p\u00e5 email: bestyrelsen@teatergruppen.dk<\/p>\n<div id=\"t1jli2cs\" style=\"display: none;\">&nbsp;<\/div>\t\t\t\t\t\t\t\t<\/div>\n\t\t\t\t<\/div>\n\t\t\t\t<div class=\"elementor-element elementor-element-813ac46 elementor-widget elementor-widget-image\" data-id=\"813ac46\" data-element_type=\"widget\" data-e-type=\"widget\" data-widget_type=\"image.default\">\n\t\t\t\t<div class=\"elementor-widget-container\">\n\t\t\t\t\t\t\t\t\t\t\t\t\t\t\t<img fetchpriority=\"high\" decoding=\"async\" width=\"600\" height=\"421\" src=\"https:\/\/teatergruppen.dk\/wp-content\/uploads\/2025\/02\/skoleoversigt.jpg\" class=\"attachment-large size-large wp-image-169\" alt=\"\" srcset=\"https:\/\/teatergruppen.dk\/wp-content\/uploads\/2025\/02\/skoleoversigt.jpg 600w, https:\/\/teatergruppen.dk\/wp-content\/uploads\/2025\/02\/skoleoversigt-300x211.jpg 300w\" sizes=\"(max-width: 600px) 100vw, 600px\" \/>\t\t\t\t\t\t\t\t\t\t\t\t\t\t\t<\/div>\n\t\t\t\t<\/div>\n\t\t\t\t<div class=\"elementor-element elementor-element-0301341 elementor-widget elementor-widget-text-editor\" data-id=\"0301341\" data-element_type=\"widget\" data-e-type=\"widget\" data-widget_type=\"text-editor.default\">\n\t\t\t\t<div class=\"elementor-widget-container\">\n\t\t\t\t\t\t\t\t\t<p><strong>Teater\u00e5rets gang<\/strong><\/p><p>Det tager tre m\u00e5neder at ind\u00f8ve og opf\u00f8re \u00e5rets teaterforestilling. Opf\u00f8relsen<br \/>sker p\u00e5 teaterscenen i Syvstjerneskolens festsal og vi \u00f8ver hver onsdag i for\u00e5ret.<br \/>Der er tilmelding i l\u00f8bet af august, september og oktober p\u00e5<br \/>teatergruppen.dk. Invitationer sendes ud p\u00e5 Aula og p\u00e5 Facebook.<\/p><p><strong>F\u00f8rste \u00f8vedag<\/strong><\/p><p>N\u00e5r vi m\u00f8des den f\u00f8rste onsdag i januar kl. 18:30 er stykket skrevet f\u00e6rdigt,<br \/>rollerne fordelt, manuskripterne er trykt og sangene indspillet, s\u00e5 de kan \u00f8ves.<br \/>Det er altid sp\u00e6ndende at h\u00f8re, hvilke sk\u00f8re ideer forfattergruppen nu har<br \/>fundet p\u00e5, og det er supersp\u00e6ndende at f\u00e5 sin egen rolle.<\/p><p><strong>Hver onsdag<\/strong><\/p><p>Herefter m\u00f8des vi hver onsdag aften kl. 18:30 til 21:00. Tiden holdes skarpt.<br \/>Stykket er skrevet i et antal scener, som \u00f8ver samtidigt i hvert sit<br \/>klassev\u00e6relse. P\u00e5 hovedscenen \u00f8ver en scene ad gangen.<\/p><p><strong>\u00d8ve weekender<\/strong><\/p><p>Der er er med mellemrum \u00f8veweekender, hvor hver enkelt scene kommer og<br \/>spiller p\u00e5 den store scene i et par timer. Der m\u00f8des kun de timer, I spiller.<\/p><p><br \/><strong>Premieren og forestillingerne<\/strong><\/p><p>Ugen op til premieren er travl:<br \/>S\u00f8ndagen f\u00f8r spiller vi hele stykket igennem to gange.<br \/>Om onsdagen er der generalpr\u00f8ve, og fredag har vi den store, flotte premiere.<br \/>L\u00f8rdag spiller vi stykket to gange om eftermiddagen og efter sidste forestilling spiser vi noget god mad sammen og hygger os med<br \/>en lille fest.<\/p><p><strong>Oprydning<\/strong><\/p><p>S\u00f8ndag kommer alle hen for at rydde op, og s\u00e5 g\u00e5r vi hjem og er tr\u00e6tte.<br \/>Vi gl\u00e6der os over, at vi nu f\u00e5r mere tid til de lysere dage, og vi gl\u00e6der os til<br \/>n\u00e6ste s\u00e6son. Midt i maj m\u00e5ned m\u00f8des vi alle til generalforsamling og videoaften.<\/p>\t\t\t\t\t\t\t\t<\/div>\n\t\t\t\t<\/div>\n\t\t\t\t\t<\/div>\n\t\t\t\t<\/div>\n\t\t<div class=\"elementor-element elementor-element-ef822e1 e-flex e-con-boxed rael-particle-no e-con e-parent\" data-id=\"ef822e1\" data-element_type=\"container\" data-e-type=\"container\" data-settings=\"{&quot;rae_animations_entrance&quot;:&quot;none&quot;}\">\n\t\t\t\t\t<div class=\"e-con-inner\">\n\t\t\t\t\t<\/div>\n\t\t\t\t<\/div>\n\t\t<div class=\"elementor-element elementor-element-65adfdc e-flex e-con-boxed rael-particle-no e-con e-parent\" data-id=\"65adfdc\" data-element_type=\"container\" data-e-type=\"container\" data-settings=\"{&quot;rae_animations_entrance&quot;:&quot;none&quot;}\">\n\t\t\t\t\t<div class=\"e-con-inner\">\n\t\t\t\t\t<\/div>\n\t\t\t\t<\/div>\n\t\t\t\t<\/div>\n\t\t","protected":false},"excerpt":{"rendered":"<p>Teatergruppen Syvstjernen producerer hvert \u00e5r en teaterforestilling udf\u00f8rt af elever og for\u00e6ldre prim\u00e6rt fra skoler i fures\u00f8 kommune. Alle, som har lyst til teater p\u00e5 eller bag scenen, er velkomne. Forfattergruppen skriver hvert \u00e5r et nyt skuespil i perioden fra august til december. Lige efter nyt\u00e5r starter resten af medlemmerne med at \u00f8ve stykket og [&hellip;]<\/p>\n","protected":false},"author":1,"featured_media":0,"parent":0,"menu_order":0,"comment_status":"closed","ping_status":"closed","template":"","meta":{"footnotes":""},"class_list":["post-19","page","type-page","status-publish","hentry"],"_links":{"self":[{"href":"https:\/\/teatergruppen.dk\/index.php\/wp-json\/wp\/v2\/pages\/19","targetHints":{"allow":["GET"]}}],"collection":[{"href":"https:\/\/teatergruppen.dk\/index.php\/wp-json\/wp\/v2\/pages"}],"about":[{"href":"https:\/\/teatergruppen.dk\/index.php\/wp-json\/wp\/v2\/types\/page"}],"author":[{"embeddable":true,"href":"https:\/\/teatergruppen.dk\/index.php\/wp-json\/wp\/v2\/users\/1"}],"replies":[{"embeddable":true,"href":"https:\/\/teatergruppen.dk\/index.php\/wp-json\/wp\/v2\/comments?post=19"}],"version-history":[{"count":19,"href":"https:\/\/teatergruppen.dk\/index.php\/wp-json\/wp\/v2\/pages\/19\/revisions"}],"predecessor-version":[{"id":1062,"href":"https:\/\/teatergruppen.dk\/index.php\/wp-json\/wp\/v2\/pages\/19\/revisions\/1062"}],"wp:attachment":[{"href":"https:\/\/teatergruppen.dk\/index.php\/wp-json\/wp\/v2\/media?parent=19"}],"curies":[{"name":"wp","href":"https:\/\/api.w.org\/{rel}","templated":true}]}}