{"id":23,"date":"2025-01-26T20:34:22","date_gmt":"2025-01-26T20:34:22","guid":{"rendered":"https:\/\/teatergruppen.dk\/?page_id=23"},"modified":"2025-08-23T20:25:53","modified_gmt":"2025-08-23T20:25:53","slug":"privatlivspolitik","status":"publish","type":"page","link":"https:\/\/teatergruppen.dk\/index.php\/privatlivspolitik\/","title":{"rendered":"Privatlivspolitik"},"content":{"rendered":"\t\t<div data-elementor-type=\"wp-page\" data-elementor-id=\"23\" class=\"elementor elementor-23\">\n\t\t\t\t<div class=\"elementor-element elementor-element-76af73d e-flex e-con-boxed rael-particle-no e-con e-parent\" data-id=\"76af73d\" data-element_type=\"container\" data-e-type=\"container\" data-settings=\"{&quot;rae_animations_entrance&quot;:&quot;none&quot;}\">\n\t\t\t\t\t<div class=\"e-con-inner\">\n\t\t\t\t<div class=\"elementor-element elementor-element-5387462 elementor-widget elementor-widget-text-editor\" data-id=\"5387462\" data-element_type=\"widget\" data-e-type=\"widget\" data-widget_type=\"text-editor.default\">\n\t\t\t\t<div class=\"elementor-widget-container\">\n\t\t\t\t\t\t\t\t\t<div data-id=\"6809f1e\" data-element_type=\"container\" data-settings=\"{&quot;background_background&quot;:&quot;classic&quot;}\">\n<div data-id=\"f274f63\" data-element_type=\"widget\" data-widget_type=\"heading.default\">\n<div>\n<h2>Privatlivspolitik<\/h2>\n<div>\n<section style=\"color: #444444; font-family: system-ui, -apple-system, 'Segoe UI', Roboto, 'Helvetica Neue', 'Noto Sans', 'Liberation Sans', Arial, sans-serif, 'Apple Color Emoji', 'Segoe UI Emoji', 'Segoe UI Symbol', 'Noto Color Emoji'; font-size: 18.7px;\">\n<h4 style=\"margin-top: 1.5rem; margin-bottom: 0.5rem; color: #444444; font-size: 1.25rem; opacity: 0.9;\" data-anchor-id=\"hvilke-oplysninger-behandler-vi\">Hvilke oplysninger behandler vi?<\/h4>\n<p style=\"margin-top: 0px; margin-bottom: 1rem; font-size: 1.1rem !important;\">Teatergruppen Syvstjernen vedligeholder en medlemsdatabase med registrerings- og kontaktoplysninger s\u00e5som navn, adresse, e-mailadresse, alder, k\u00f8n og opgave \u00f8nsker. Informationerne indsamles ved:<\/p>\n<ul style=\"padding-left: 2rem; margin-top: 0px; margin-bottom: 1rem;\">\n<li>Oprettelse af bruger p\u00e5 hjemmesiden.<\/li>\n<li>Opdatering af brugerprofil p\u00e5 hjemmesiden.<\/li>\n<\/ul>\n<\/section>\n<section style=\"color: #444444; font-family: system-ui, -apple-system, 'Segoe UI', Roboto, 'Helvetica Neue', 'Noto Sans', 'Liberation Sans', Arial, sans-serif, 'Apple Color Emoji', 'Segoe UI Emoji', 'Segoe UI Symbol', 'Noto Color Emoji'; font-size: 18.7px;\">\n<h4 style=\"margin-top: 1.5rem; margin-bottom: 0.5rem; color: #444444; font-size: 1.25rem; opacity: 0.9;\" data-anchor-id=\"hvad-anvender-vi-dine-oplysninger-til\">Hvad anvender vi dine oplysninger til?<\/h4>\n<p style=\"margin-top: 0px; margin-bottom: 1rem; font-size: 1.1rem !important;\">Teatergruppen Syvstjernen anvender personoplysninger til bestemte form\u00e5l:<\/p>\n<ul style=\"padding-left: 2rem; margin-top: 0px; margin-bottom: 1rem;\">\n<li>Foreningens medlemsh\u00e5ndtering, herunder fordeling af roller til forestillingen.<\/li>\n<li>Indberetning af medlemstal til kommunen<\/li>\n<li>Kontakt fra foreningen til medlemmerne, herunder udsendelse af meddelelser via e-mail.<\/li>\n<\/ul>\n<p style=\"margin-top: 0px; margin-bottom: 1rem; font-size: 1.1rem !important;\">Personoplysningerne bliver ikke videregivet til tredjepart og oplysningerne slettes ved udmelding (sletning af profil).<\/p>\n<\/section>\n<section style=\"color: #444444; font-family: system-ui, -apple-system, 'Segoe UI', Roboto, 'Helvetica Neue', 'Noto Sans', 'Liberation Sans', Arial, sans-serif, 'Apple Color Emoji', 'Segoe UI Emoji', 'Segoe UI Symbol', 'Noto Color Emoji'; font-size: 18.7px;\">\n<h4 style=\"margin-top: 1.5rem; margin-bottom: 0.5rem; color: #444444; font-size: 1.25rem; opacity: 0.9;\" data-anchor-id=\"dine-rettigheder\">Dine rettigheder<\/h4>\n<p style=\"margin-top: 0px; margin-bottom: 1rem; font-size: 1.1rem !important;\">Som medlem har du en r\u00e6kke rettigheder i forhold til vores behandling af dine oplysninger:<\/p>\n<ul style=\"padding-left: 2rem; margin-top: 0px; margin-bottom: 1rem;\">\n<li>Du har ret til f\u00e5 indsigt i de oplysninger, som vi behandler om dig.<\/li>\n<li>Du har ret til f\u00e5 rettet, slettet eller begr\u00e6nset de oplysninger, som vi behandler om dig.<\/li>\n<\/ul>\n<p style=\"margin-top: 0px; margin-bottom: 1rem; font-size: 1.1rem !important;\">Hvis du vil g\u00f8re brug af dine rettigheder kan du selv rette informationer i din profil eller slette din profil p\u00e5 hjemmesiden og ellers skal du kontakte bestyrelsen p\u00e5 bestyrelsen@teatergruppen.dk<\/p>\n<\/section>\n<section style=\"color: #444444; font-family: system-ui, -apple-system, 'Segoe UI', Roboto, 'Helvetica Neue', 'Noto Sans', 'Liberation Sans', Arial, sans-serif, 'Apple Color Emoji', 'Segoe UI Emoji', 'Segoe UI Symbol', 'Noto Color Emoji'; font-size: 18.7px;\">\n<h4 style=\"margin-top: 1.5rem; margin-bottom: 0.5rem; color: #444444; font-size: 1.25rem; opacity: 0.9;\" data-anchor-id=\"klagemuligheder\">Klagemuligheder<\/h4>\n<div style=\"color: #7a7a7a; font-family: Roboto, sans-serif; font-size: 16px;\" data-id=\"6809f1e\" data-element_type=\"container\" data-settings=\"{&quot;background_background&quot;:&quot;classic&quot;}\">\n<div data-id=\"a7f14e7\" data-element_type=\"widget\" data-widget_type=\"text-editor.default\">\n<p><span style=\"font-size: 1rem;\">Du har ret til at indgive en klage til Datatilsynet, hvis du er utilfreds med den m\u00e5de, vi behandler dine personoplysninger p\u00e5. Du finder Datatilsynets kontaktoplysninger p\u00e5<\/span><a style=\"background-color: #ffffff; font-size: 1rem;\" href=\"http:\/\/www.datatilsynet.dk\/\" target=\"_blank\" rel=\"noopener\">&nbsp;www.datatilsynet.dk<\/a><span style=\"font-size: 1rem;\">.<\/span><\/p>\n<\/div>\n<\/div>\n<div style=\"color: #7a7a7a; font-family: Roboto, sans-serif; font-size: 16px;\" data-id=\"c9639eb\" data-element_type=\"container\" data-settings=\"{&quot;background_background&quot;:&quot;classic&quot;}\">\n<div data-id=\"647bbcb\" data-element_type=\"widget\" data-widget_type=\"text-editor.default\">\n<div>&nbsp;<\/div>\n<\/div>\n<\/div>\n<h4 style=\"margin-top: 0px; margin-bottom: 1rem; font-size: 1.1rem !important;\"><span style=\"font-family: inherit; font-size: 1.25rem;\">\u00c6ndringer<\/span><\/h4>\n<\/section>\n<section style=\"color: #444444; font-family: system-ui, -apple-system, 'Segoe UI', Roboto, 'Helvetica Neue', 'Noto Sans', 'Liberation Sans', Arial, sans-serif, 'Apple Color Emoji', 'Segoe UI Emoji', 'Segoe UI Symbol', 'Noto Color Emoji'; font-size: 18.7px;\">\n<p style=\"margin-top: 0px; margin-bottom: 1rem; font-size: 1.1rem !important;\">Teatergruppen Syvstjernen forbeholder sig retten til at foretage \u00e6ndringer i denne privatlivspolitik fra tid til anden. Den til enhver tid g\u00e6ldende privatlivspolitik vil v\u00e6re tilg\u00e6ngelig p\u00e5 vores hjemmeside. Ved v\u00e6sentlige \u00e6ndringer vil medlemmerne modtage meddelelse herom via e-mail.<\/p>\n<p style=\"margin-top: 0px; margin-bottom: 1rem; font-size: 1.1rem !important;\">\n<\/p><\/section>\n<\/div>\n<div>&nbsp;<\/div>\n<\/div>\n<div>&nbsp;<\/div>\n<\/div>\n<div data-id=\"a7f14e7\" data-element_type=\"widget\" data-widget_type=\"text-editor.default\">\n<p><span style=\"color: #333333; font-family: -apple-system, BlinkMacSystemFont, 'Segoe UI', Roboto, 'Helvetica Neue', Arial, 'Noto Sans', sans-serif, 'Apple Color Emoji', 'Segoe UI Emoji', 'Segoe UI Symbol', 'Noto Color Emoji';\">Teatergruppen Syvstjernen<\/span><\/p>\n<p>CVR-nr.:&nbsp;<span style=\"color: #333333; font-family: -apple-system, BlinkMacSystemFont, 'Segoe UI', Roboto, 'Helvetica Neue', Arial, 'Noto Sans', sans-serif, 'Apple Color Emoji', 'Segoe UI Emoji', 'Segoe UI Symbol', 'Noto Color Emoji'; font-weight: var( --e-global-typography-text-font-weight ); text-align: var(--text-align); font-size: 1rem;\">35 15 44 50<\/span><\/p>\n<p><span style=\"color: #333333; font-family: -apple-system, BlinkMacSystemFont, Segoe UI, Roboto, Helvetica Neue, Arial, Noto Sans, sans-serif, Apple Color Emoji, Segoe UI Emoji, Segoe UI Symbol, Noto Color Emoji;\">Email: bestyrelsen@teatergruppen.dk<\/span><\/p>\n<\/div>\n<div data-id=\"647bbcb\" data-element_type=\"widget\" data-widget_type=\"text-editor.default\">\n<div>&nbsp;<\/div>\n<\/div>\n<\/div>\t\t\t\t\t\t\t\t<\/div>\n\t\t\t\t<\/div>\n\t\t\t\t\t<\/div>\n\t\t\t\t<\/div>\n\t\t\t\t<\/div>\n\t\t","protected":false},"excerpt":{"rendered":"<p>Privatlivspolitik Hvilke oplysninger behandler vi? Teatergruppen Syvstjernen vedligeholder en medlemsdatabase med registrerings- og kontaktoplysninger s\u00e5som navn, adresse, e-mailadresse, alder, k\u00f8n og opgave \u00f8nsker. Informationerne indsamles ved: Oprettelse af bruger p\u00e5 hjemmesiden. Opdatering af brugerprofil p\u00e5 hjemmesiden. Hvad anvender vi dine oplysninger til? Teatergruppen Syvstjernen anvender personoplysninger til bestemte form\u00e5l: Foreningens medlemsh\u00e5ndtering, herunder fordeling af roller [&hellip;]<\/p>\n","protected":false},"author":1,"featured_media":0,"parent":0,"menu_order":0,"comment_status":"closed","ping_status":"closed","template":"","meta":{"footnotes":""},"class_list":["post-23","page","type-page","status-publish","hentry"],"_links":{"self":[{"href":"https:\/\/teatergruppen.dk\/index.php\/wp-json\/wp\/v2\/pages\/23","targetHints":{"allow":["GET"]}}],"collection":[{"href":"https:\/\/teatergruppen.dk\/index.php\/wp-json\/wp\/v2\/pages"}],"about":[{"href":"https:\/\/teatergruppen.dk\/index.php\/wp-json\/wp\/v2\/types\/page"}],"author":[{"embeddable":true,"href":"https:\/\/teatergruppen.dk\/index.php\/wp-json\/wp\/v2\/users\/1"}],"replies":[{"embeddable":true,"href":"https:\/\/teatergruppen.dk\/index.php\/wp-json\/wp\/v2\/comments?post=23"}],"version-history":[{"count":16,"href":"https:\/\/teatergruppen.dk\/index.php\/wp-json\/wp\/v2\/pages\/23\/revisions"}],"predecessor-version":[{"id":1001,"href":"https:\/\/teatergruppen.dk\/index.php\/wp-json\/wp\/v2\/pages\/23\/revisions\/1001"}],"wp:attachment":[{"href":"https:\/\/teatergruppen.dk\/index.php\/wp-json\/wp\/v2\/media?parent=23"}],"curies":[{"name":"wp","href":"https:\/\/api.w.org\/{rel}","templated":true}]}}